e factors of 179919623?
13, 13839971
List the prime factors of 4837789.
11, 439799
List the prime factors of 151283374.
2, 11, 17, 23, 43, 409
List the prime factors of 219332493.
3, 41, 594397
List the prime factors of 87991692.
2, 3, 7332641
What are the prime factors of 249432788?
2, 11, 515357
List the prime factors of 101325198.
2, 3, 13, 1299041
List the prime factors of 23349615.
3, 5, 1556641
List the prime factors of 127583330.
2, 5, 7, 61, 29879
List the prime factors of 81812454.
2, 3, 3517, 3877
What are the prime factors of 566285581?
29, 19527089
List the prime factors of 93431864.
2, 17, 47, 311
List the prime factors of 472740882.
2, 3, 43, 1832329
List the prime factors of 50913824.
2, 13, 122389
What are the prime factors of 5082216562?
2, 6563, 387187
What are the prime factors of 18174515?
5, 173, 21011
List the prime factors of 31708814.
2, 15854407
What are the prime factors of 5872893805?
5, 1174578761
List the prime factors of 107173492.
2, 26793373
List the prime factors of 25507281.
3, 2683, 3169
List the prime factors of 457459248.
2, 3, 71, 269, 499
List the prime factors of 4449083684.
2, 263, 4229167
List the prime factors of 391430272.
2, 241, 12689
List the prime factors of 392682239.
31, 193, 65633
What are the prime factors of 55486306?
2, 103, 269351
List the prime factors of 135332539.
1049, 129011
What are the prime factors of 1243165493?
307, 4049399
What are the prime factors of 1195286942?
2, 107, 5585453
What are the prime factors of 4592430343?
29, 37, 4279991
List the prime factors of 86849009.
13, 151, 293
List the prime factors of 5636637401.
41, 137478961
List the prime factors of 2995172349.
3, 13, 6779, 11329
What are the prime factors of 5907784837?
5907784837
What are the prime factors of 771880179?
3, 7, 89, 167, 2473
List the prime factors of 77120082.
2, 3, 13, 67, 4919
What are the prime factors of 250027502?
2, 29, 4310819
List the prime factors of 5214281969.
13, 41, 149, 65657
List the prime factors of 36900938.
2, 18450469
What are the prime factors of 891782138?
2, 13, 19, 1805227
List the prime factors of 549281690.
2, 5, 131, 229, 1831
What are the prime factors of 1644020378?
2, 7, 11, 13, 41, 20029
List the prime factors of 176949220.
2, 5, 7, 181, 6983
List the prime factors of 109007771.
449, 242779
List the prime factors of 5695245138.
2, 3, 11, 41, 2104673
What are the prime factors of 3159889176?
2, 3, 131662049
List the prime factors of 209185106.
2, 13, 8045581
List the prime factors of 31735504.
2, 317, 6257
What are the prime factors of 242551451?
151, 439, 3659
What are the prime factors of 1954711176?
2, 3, 11, 101, 73309
List the prime factors of 28882067.
331, 87257
List the prime factors of 144347098.
2, 7, 31, 349, 953
What are the prime factors of 300553488?
2, 3, 43, 48539
List the prime factors of 802531649.
19469, 41221
List the prime factors of 538893063.
3, 2089, 28663
List the prime factors of 66122277.
3, 13, 157, 10799
List the prime factors of 203034397.
181, 1121737
List the prime factors of 387716376.
2, 3, 59, 101, 2711
What are the prime factors of 9882214?
2, 29, 170383
What are the prime factors of 400771356?
2, 3, 277, 120569
List the prime factors of 46119471.
3, 15373157
What are the prime factors of 286328333?
2423, 118171
What are the prime factors of 374287051?
374287051
List the prime factors of 786848906.
2, 23, 17105411
What are the prime factors of 3968454064?
2, 61, 4066039
List the prime factors of 387340955.
5, 479, 161729
List the prime factors of 53130647.
53130647
List the prime factors of 49478845.
5, 13, 761213
What are the prime factors of 37942711?
37942711
List the prime factors of 315116171.
223, 1413077
What are the prime factors of 419099242?
2, 29, 43, 168043
List the prime factors of 192656487.
3, 23, 2792123
What are the prime factors of 1085950637?
59, 1613, 11411
List the prime factors of 407480928.
2, 3, 71, 191, 313
What are the prime factors of 65281403?
11, 5934673
What are the prime factors of 114247970?
2, 5, 11424797
List the prime factors of 170845291.
17, 83, 121081
What are the prime factors of 994422255?
3, 5, 103, 643639
What are the prime factors of 479038221?
3, 53, 1004273
List the prime factors of 19493491.
41, 43, 11057
List the prime factors of 54025397.
54025397
List the prime factors of 1463680371.
3, 19, 23, 1116461
What are the prime factors of 16258229?
13, 31, 40343
List the prime factors of 2978678.
2, 131, 11369
What are the prime factors of 158360327?
41, 3862447
What are the prime factors of 701079092?
2, 7, 1061, 23599
What are the prime factors of 745221158?
2, 11, 33873689
List the prime factors of 2340186739.
11, 11213, 18973
List the prime factors of 284945449.
17, 41, 408817
List the prime factors of 57869347.
419, 138113
List the prime factors of 100782227.
7, 13, 1107497
What are the prime factors of 427608937?
7, 8726713
List the prime factors of 507782595.
3, 5, 47, 653, 1103
What are the prime factors of 1368059668?
2, 59, 5796863
What are the prime factors of 72756560?
2, 5, 909457
What are the prime factors of 638812506?
2, 3, 106468751
What are the prime factors of 350428441?
11, 31857131
What are the prime factors of 1111171658?
2, 555585829
What are the prime factors of 141694644?
2, 3, 7, 13, 129757
What are the prime factors of 758655574?
2, 379327787
What are the prime factors of 647798096?
2, 11, 43, 85597
List the prime factors of 2136209938.
2, 19, 31, 1813421
What are the prime factors of 8446141?
11, 767831
What are the prime factors of 5213300893?
659, 7910927
What are the prime factors of 218503405?
5, 43700681
What are the prime factors of 69772045?
5, 7, 137, 14551
List the prime factors of 285794265.
3, 5, 19052951
What are the prime factors of 24671745?
3, 5, 7, 67, 167
What are the prime factors of 152334144?
2, 3, 17, 47, 331
What are the prime factors of 11693498?
2, 137, 42677
List the prime factors of 5237110059.
3, 1745703353
What are the prime factors of 47490527?
7, 6784361
What are the prime factors of 79849321?
3631, 21991
What are the prime factors of 9521883?
3, 7, 151141
List the prime factors of 1736413096.
2, 11, 419, 47093
List the prime factors of 204304929.
3, 17, 19, 23, 89, 103
List the prime factors of 80163318.
2, 3, 19, 563, 1249
What are the prime factors of 659882010?
2, 3, 5, 199, 110533
What are the prime factors of 207717309?
3, 251, 91951
What are the prime factors of 5350614424?
2, 73, 125507
List the prime factors of 51815632.
2, 11, 31, 9497
What are the prime factors of 19971705?
3, 5, 13, 23, 61, 73
What are the prime factors of 373455123?
3, 124485041
What are the prime factors of 86524599?
3, 7, 4120219
What are the prime factors of 1182008019?
3, 23, 17130551
List the prime factors of 159071940.
2, 3, 5, 883733
What are the prime factors of 2097290726?
2, 71, 509, 29017
What are the prime factors of 41986916?
2, 839, 12511
List the prime factors of 175057199.
5237, 33427
List the prime factors of 202979094.
2, 3, 23, 101, 14563
What are the prime factors of 629671845?
3, 5, 11, 31, 257, 479
What are the prime factors of 475070748?
2, 3, 39589229
What are the prime factors of 451437730?
2, 5, 45143773
What are the prime factors of 57975234?
2, 3, 29, 67, 4973
What are the prime factors of 75165753?
3, 13, 1927327
List the prime factors of 343998471.
3, 2897, 39581
What are the prime factors of 1037322033?
3, 11, 113, 278177
List the prime factors of 6679685307.
3, 2226561769
List the prime factors of 2273503801.
409, 5558689
What are the prime factors of 2748749137?
29, 31, 509, 6007
List the prime factors of 95445734.
2, 47722867
What are the prime factors of 52224847?
577, 90511
List the prime factors of 5693818327.
29, 1297, 151379
List the prime factors of 2162258963.
59, 257, 142601
List the prime factors of 2442484072.
2, 7, 4021, 10847
List the prime factors of 2736928453.
7, 16987, 23017
What are the prime factors of 6353416265?
5, 7, 61, 2975839
What are the prime factors of 1069950770?
2, 5, 7, 47, 6637
List the prime factors of 299740809.
3, 2767, 36109
List the prime factors of 6962710927.
17, 16843, 24317
List the prime factors of 1088385991.
7, 11, 288467
List the prime factors of 27569419.
769, 35851
List the p